**2 - k + 3. Determine h(2).
-15
Let i(d) = 5*d + 12. What is i(5)?
37
Let p(k) = -k**3 - 8*k**2 + 2*k + 11. Calculate p(-8).
-5
Let a(d) = d**3 + 4*d**2 - 2. Determine a(-4).
-2
Let s(m) = m**3 - 14*m**2 + 23*m - 5. Determine s(12).
-17
Let s(q) = -3*q. Determine s(1).
-3
Let i(x) = 25*x + 131. Calculate i(-5).
6
Let d(b) = -5*b**3 + 2*b**2 + 2*b - 3. What is d(1)?
-4
Let x(f) = f**2 - 23*f + 8. Give x(22).
-14
Let l(k) = -k**3 - 20*k**2 + 22*k + 23. Calculate l(-21).
2
Let f(m) = m**2 - m + 2. What is f(-4)?
22
Let x(n) = 2*n**2 + 31*n + 20. What is x(-15)?
5
Let x(l) = l**3 + 5*l**2 + 6*l + 9. Calculate x(-4).
1
Let f(w) = 4*w - 2. Calculate f(6).
22
Let i(r) = 6*r - 11. What is i(3)?
7
Let g(m) = m**2 - 4*m - 12. What is g(5)?
-7
Let s(t) = -t**2 - 10*t + 70. Calculate s(-18).
-74
Let k(q) = q**2 - 3*q - 10. Give k(7).
18
Let y(x) = -3*x**2 - 13*x + 10. What is y(-6)?
-20
Let g(f) = -6*f**2 + 9*f - 5. Determine g(2).
-11
Let u(j) = j**2 - 8*j + 5. Give u(6).
-7
Let l(f) = -2*f**3 + 5*f + 3. Give l(-2).
9
Let c(u) = -u**3 + u**2 - 4*u - 13. Calculate c(0).
-13
Let y(k) = -k**3 + 22*k**2 - 21*k + 3. Determine y(21).
3
Let v(m) = -m**2 + 8*m - 21. Give v(5).
-6
Let n(m) = m**3 - 4*m**2 + 6*m - 2. Give n(4).
22
Let h(l) = l**2 - 20*l - 11. What is h(20)?
-11
Let k(c) = -c**2 + 3*c + 260. Give k(-15).
-10
Let p(w) = -w**3 - 13*w**2 - 12*w - 4. Give p(-12).
-4
Let f(a) = -a**3 - 16*a**2 + 6*a + 100. Give f(-16).
4
Let o(n) = -n**3 - 12*n**2 - 20*n + 18. Calculate o(-10).
18
Let b(r) = 4*r - 23. Calculate b(20).
57
Let f(g) = 5*g - 7. What is f(4)?
13
Let d(g) = g**2 + 7*g + 9. Calculate d(-6).
3
Let t(r) = -32*r. Give t(1).
-32
Let v(z) = -4*z - 38. Determine v(-6).
-14
Let c(d) = -d**3 + d**2 + 5*d - 7. Calculate c(3).
-10
Let c(u) = u**3 - 15*u**2 + 57*u - 21. What is c(9)?
6
Let p(o) = 3*o**2 - 26*o - 34. Calculate p(10).
6
Let l(j) = 2*j**3 + 10*j**2 - 4*j + 12. Give l(-6).
-36
Let x(v) = 6*v**3 - 8*v**2 + 2*v + 2. Determine x(3).
98
Let h(u) = u**3 - 3*u**2 - 6*u + 1. Calculate h(5).
21
Let k(c) = c**3 + 11*c**2 - 12*c + 4. What is k(-12)?
4
Let f(m) = -m + 11. Give f(7).
4
Let u(j) = 10*j + 1. Give u(1).
11
Let t(u) = -u**2 + 24*u + 107. Give t(27).
26
Let p(k) = k**3 + 5*k**2 + 4*k + 6. Calculate p(-5).
-14
Let u(f) = -7*f**2 - 3*f + 2. Give u(3).
-70
Let k(r) = -r**2 + 7*r + 5. Give k(7).
5
Let t(u) = 10*u + 17. Give t(-9).
-73
Let l(w) = w**3 + 4*w**2 - 2*w - 5. Calculate l(-3).
10
Let k(c) = c**2 + 23*c + 149. Calculate k(-13).
19
Let p(i) = 19*i - 7. Determine p(0).
-7
Let p(s) = s**3 + 4*s**2 - 4*s + 2. Calculate p(-5).
-3
Let k(s) = -29*s**2 + s + 1. Calculate k(-1).
-29
Let g(k) = 4*k**2 - 5*k + 1. Give g(5).
76
Let w(y) = -4*y - 6. Calculate w(-5).
14
Let y(p) = 26*p + 512. Give y(-20).
-8
Let r(x) = 2*x**2 - 6*x - 15. What is r(7)?
41
Let m(w) = -w**3 + 12*w**2 + w - 15. What is m(12)?
-3
Let x(f) = -3*f**2 - 27*f - 44. Determine x(-5).
16
Let b(g) = g**3 + 12*g**2 + 15*g - 50. Calculate b(-10).
0
Let p(n) = n**3 + 10*n**2 + 5. What is p(-10)?
5
Let f(n) = 2*n**3 - 2*n**2 - n. What is f(-1)?
-3
Let u(a) = 40*a - 231. Calculate u(6).
9
Let t(d) = 10*d + 2. Determine t(-1).
-8
Let j(z) = -z**3 + 5*z**2 + 7*z - 6. Determine j(6).
0
Let r(u) = -u + 8. Determine r(17).
-9
Let o(f) = f**3 - 18*f**2 + 16*f + 36. What is o(17)?
19
Let a(q) = q**3 + 10*q**2 + 11*q - 12. Determine a(-9).
-30
Let u(q) = 3*q. Calculate u(1).
3
Let n(a) = 13*a + 3. Determine n(-2).
-23
Let d(m) = 2*m**3 + 17*m**2 - 9*m. Determine d(-9).
0
Let z(o) = -2*o**2 + 12*o - 4. Give z(-7).
-186
Let p(y) = y - 11. What is p(15)?
4
Let k(n) = -n**2 + 10*n + 37. What is k(13)?
-2
Let r(m) = m**2 - 11*m + 18. Determine r(9).
0
Let p(y) = -y + 7. What is p(11)?
-4
Let m(u) = -4*u**2 + 79*u - 17. Determine m(19).
40
Let m(l) = l**2 - 27*l + 56. What is m(27)?
56
Let x(s) = 3*s + 47. What is x(-10)?
17
Let b(n) = 7*n - 42. Determine b(7).
7
Let j(u) = u**2 + 10*u - 13. Give j(-12).
11
Let l(z) = -14*z + 163. Give l(14).
-33
Let p(q) = -q**3 - 25*q**2 - 27*q + 16. What is p(-24)?
88
Let v(r) = r - 6. What is v(8)?
2
Let v(r) = -r**3 + 32*r**2 - 33*r + 100. Calculate v(31).
38
Let g(j) = -j + 10. Determine g(-11).
21
Let h(w) = -w**3 - 10*w**2 + 11*w - 12. Determine h(-11).
-12
Let j(g) = g**2 + 17*g + 10. Calculate j(-16).
-6
Let b(l) = -2*l + 6. Give b(4).
-2
Let j(y) = y**2 - 2*y - 4. Calculate j(-3).
11
Let u(n) = 84*n**2. Determine u(-1).
84
Let r(d) = d**3 + 17*d**2 + 18*d + 21. Calculate r(-16).
-11
Let a(m) = -m**2 + 22*m - 87. What is a(18)?
-15
Let l(d) = -4*d**2 + 36*d - 4. What is l(9)?
-4
Let i(j) = j**2 + 9*j - 6. Give i(-9).
-6
Let i(g) = -5*g + 11. Give i(3).
-4
Let b(i) = i - 9. Calculate b(10).
1
Let u(w) = -w - 4. What is u(3)?
-7
Let l(v) = v**2 - v + 4. Calculate l(-4).
24
Let a(x) = 165*x - 12. Calculate a(1).
153
Let z(k) = -2*k**3 + k**2 + k + 16. Give z(0).
16
Let c(g) = 17*g - 2. Give c(-1).
-19
Let p(s) = -3*s**2 + s - 1. Calculate p(-2).
-15
Let q(p) = p**3 + 4*p**2 - p - 11. Determine q(-3).
1
Let w(d) = -d**3 + 11*d**2 - 9*d - 14. What is w(10)?
-4
Let t(g) = g**2 + 23*g + 6. What is t(-10)?
-124
Let n(j) = j**2 - 9*j + 6. What is n(6)?
-12
Let n(i) = i**3 - 9*i**2 - 3*i + 21. Give n(9).
-6
Let t(i) = -3*i**2 - 2*i - 11. What is t(4)?
-67
Let m(i) = -2*i - 37. Determine m(-14).
-9
Let w(b) = -b**3 + 10*b**2 + 26*b - 29. Determine w(12).
-5
Let i(h) = h**3 + 11*h**2 - 13*h + 14. Calculate i(-12).
26
Let t(x) = -x**2 - 16*x - 46. Calculate t(-12).
2
Let w(a) = -9*a**2 - 35*a + 35. What is w(1)?
-9
Let k(s) = -53*s**2 - 4*s - 2. What is k(-1)?
-51
Let a(f) = f**3 + 6*f**2 - 4*f. Determine a(-6).
24
Let o(g) = 5*g - 83. Determine o(20).
17
Let t(c) = 3*c - 11. Give t(-5).
-26
Let r(k) = 5*k + 2. Give r(7).
37
Let y(u) = 6*u + 10. Give y(-5).
-20
Let h(o) = o**3 + 10*o**2 + 4*o - 12. Calculate h(-9).
33
Let n(k) = 3*k**2 - 15*k - 6. Determine n(5).
-6
Let h(j) = j**3 + 9*j**2 - j - 8. Calculate h(-9).
1
Let m(s) = s**3 - 8*s**2 + 4*s + 9. Determine m(7).
-12
Let z(g) = 7*g + 26. What is z(-7)?
-23
Let t(d) = d - 4. Determine t(16).
12
Let w(m) = -9*m**3 - 6*m + 5. Give w(1).
-10
Let f(d) = 3*d**2 + 3*d - 1. Give f(-4).
35
Let m(s) = 5*s - 64. What is m(14)?
6
Let i(x) = 7*x + 1. Give i(3).
22
Let t(p) = -3*p**3 - 11*p**2 + 6*p + 10. Determine t(-4).
2
Let o(b) = -b**2 + 11*b - 9. What is o(10)?
1
Let w(k) = k**2 - 6*k + 9. What is w(6)?
9
Let x(n) = 3*n + 14. Determine x(-8).
-10
Let v(n) = -2*n**2 - n - 7. Calculate v(3).
-28
Let v(a) = 7*a + 27. Determine v(5).
62
Let m(d) = d**2 - 11*d + 7. Determine m(6).
-23
Let k(u) = u**3 + 16*u**2 - 36*u - 11. What is k(-18)?
-11
Let q(b) = b**2 + 6*b - 1. Calculate q(4).
39
Let n(b) = -b**2 + 15*b + 38. Calculate n(-2).
4
Let x(c) = c**2 - 10*c + 1. Determine x(11).
12
Let n(q) = -q**3 - 7*q**2 - 2*q + 15. Determine n(-6).
-9
Let o(x) = -x**3 + 10*x**2 - 10. Calculate o(10).
-10
Let t(b) = b - 1. What is t(-5)?
-6
Let h(p) = 16*p**2 - 81*p + 4. Give h(5).
-1
Let p(l) = 6*l + 2. Determine p(-5).
-28
Let k(y) = 5*y**3 - y**2 + 1. Give k(-1).
-5
Let b(x) = -x**2 - 13*x - 15. Give b(-12).
-3
Let d(f) = 3*f**3 - 77*f**2 - 27*f + 27. Calculate d(26).
1
Let u(y) = -22*y - 17. Calculate u(-1).
5
Let h(g) = g**3 + 5*g**2 - g + 8. Give h(-5).
13
Let h(w) = 11*w**2 + 7*w + 14. What is h(-4)?
162
Let z(j) = -4*j - 39. Calculate z(-7).
-11
Let b(a) = -a**2 + 25*a + 70. What is b(28)?
-14
Let i(c) = c + 10. Determine i(3).
13
Let h(z) = 4*z**2 - 29*z + 27. Give h(6).
-3
Let x(i) = i**3 + 8*i**2 + 2*i - 15. Calculate x(-8).
-31
Let q(d) = -d**2 - 3*d - 9. What is q(0)?
-9
Let u(i) = -13*i**2 - 10*i - 2. Give u(-2).
-34
Let i(n) = -n**3 - 13*n**2 - 12*n - 7. What is i(-12)?
-7
Let v(y) = -12*y**2 + 51*y - 4. What is v(4)?
8
Let y(v) = -v**3 - 10*v**2 - 7*v + 8. Calculate y(-9).
-10
Let o(g) = -3*g**2 + 71*g + 105. Calculate o(25).
5
Let c(v) = -2*v**2 - 26*v - 28. Give c(-12).
-4
Let g(w) = -w**2 + 12. Calculate g(0).
12
Let v(i) = 2*i**3 + 14*i**2 + 6*i - 25. Determine v(-6).
11
Let z(o) = o**3 + 49. Give z(0).
49
Let y(v) = -2*v**2 - 9*v + 5. Give y(-5).
0
Let y(a) = 3*a - 5. What is y(-3)?
-14
Let a(m) = -m - 15. Calculate a(-16).
1
Let w(i) = -10*i**3 + 2*i**2 + 2*i + 2. Give w(-1).
12
Let t(f) = 43*f**2 - f. What is